{"id":37,"date":"2025-12-12T10:32:26","date_gmt":"2025-12-12T10:32:26","guid":{"rendered":"https:\/\/firesym.com\/?page_id=37"},"modified":"2025-12-22T10:11:46","modified_gmt":"2025-12-22T10:11:46","slug":"elerhetoseg","status":"publish","type":"page","link":"https:\/\/firesym.com\/index.php\/elerhetoseg\/","title":{"rendered":"El\u00e9rhet\u0151s\u00e9g"},"content":{"rendered":"\n<p>Firesymkh@gmail.com<\/p>\n","protected":false},"excerpt":{"rendered":"<p>Firesymkh@gmail.com<\/p>\n","protected":false},"author":1,"featured_media":0,"parent":0,"menu_order":0,"comment_status":"closed","ping_status":"closed","template":"","meta":{"footnotes":""},"class_list":["post-37","page","type-page","status-publish","hentry"],"yoast_head":"<!-- This site is optimized with the Yoast SEO plugin v26.5 - https:\/\/yoast.com\/wordpress\/plugins\/seo\/ -->\n<title>El\u00e9rhet\u0151s\u00e9g - FireSym.Kft<\/title>\n<meta name=\"robots\" content=\"index, follow, max-snippet:-1, max-image-preview:large, max-video-preview:-1\" \/>\n<link rel=\"canonical\" href=\"https:\/\/firesym.com\/index.php\/elerhetoseg\/\" \/>\n<meta property=\"og:locale\" content=\"hu_HU\" \/>\n<meta property=\"og:type\" content=\"article\" \/>\n<meta property=\"og:title\" content=\"El\u00e9rhet\u0151s\u00e9g - FireSym.Kft\" \/>\n<meta property=\"og:description\" content=\"Firesymkh@gmail.com\" \/>\n<meta property=\"og:url\" content=\"https:\/\/firesym.com\/index.php\/elerhetoseg\/\" \/>\n<meta property=\"og:site_name\" content=\"FireSym.Kft\" \/>\n<meta property=\"article:modified_time\" content=\"2025-12-22T10:11:46+00:00\" \/>\n<meta name=\"twitter:card\" content=\"summary_large_image\" \/>\n<script type=\"application\/ld+json\" class=\"yoast-schema-graph\">{\"@context\":\"https:\/\/schema.org\",\"@graph\":[{\"@type\":\"WebPage\",\"@id\":\"https:\/\/firesym.com\/index.php\/elerhetoseg\/\",\"url\":\"https:\/\/firesym.com\/index.php\/elerhetoseg\/\",\"name\":\"El\u00e9rhet\u0151s\u00e9g - FireSym.Kft\",\"isPartOf\":{\"@id\":\"https:\/\/firesym.com\/#website\"},\"datePublished\":\"2025-12-12T10:32:26+00:00\",\"dateModified\":\"2025-12-22T10:11:46+00:00\",\"breadcrumb\":{\"@id\":\"https:\/\/firesym.com\/index.php\/elerhetoseg\/#breadcrumb\"},\"inLanguage\":\"hu\",\"potentialAction\":[{\"@type\":\"ReadAction\",\"target\":[\"https:\/\/firesym.com\/index.php\/elerhetoseg\/\"]}]},{\"@type\":\"BreadcrumbList\",\"@id\":\"https:\/\/firesym.com\/index.php\/elerhetoseg\/#breadcrumb\",\"itemListElement\":[{\"@type\":\"ListItem\",\"position\":1,\"name\":\"Kezd\u0151lap\",\"item\":\"https:\/\/firesym.com\/\"},{\"@type\":\"ListItem\",\"position\":2,\"name\":\"El\u00e9rhet\u0151s\u00e9g\"}]},{\"@type\":\"WebSite\",\"@id\":\"https:\/\/firesym.com\/#website\",\"url\":\"https:\/\/firesym.com\/\",\"name\":\"FireSym.Kft\",\"description\":\"\",\"publisher\":{\"@id\":\"https:\/\/firesym.com\/#organization\"},\"potentialAction\":[{\"@type\":\"SearchAction\",\"target\":{\"@type\":\"EntryPoint\",\"urlTemplate\":\"https:\/\/firesym.com\/?s={search_term_string}\"},\"query-input\":{\"@type\":\"PropertyValueSpecification\",\"valueRequired\":true,\"valueName\":\"search_term_string\"}}],\"inLanguage\":\"hu\"},{\"@type\":\"Organization\",\"@id\":\"https:\/\/firesym.com\/#organization\",\"name\":\"FireSym.Kft\",\"url\":\"https:\/\/firesym.com\/\",\"logo\":{\"@type\":\"ImageObject\",\"inLanguage\":\"hu\",\"@id\":\"https:\/\/firesym.com\/#\/schema\/logo\/image\/\",\"url\":\"https:\/\/firesym.com\/wp-content\/uploads\/2025\/12\/Messenger_creation_09E75076-1E26-4BF8-9E3C-EED353629CD2-1.jpeg\",\"contentUrl\":\"https:\/\/firesym.com\/wp-content\/uploads\/2025\/12\/Messenger_creation_09E75076-1E26-4BF8-9E3C-EED353629CD2-1.jpeg\",\"width\":403,\"height\":325,\"caption\":\"FireSym.Kft\"},\"image\":{\"@id\":\"https:\/\/firesym.com\/#\/schema\/logo\/image\/\"}}]}<\/script>\n<!-- \/ Yoast SEO plugin. -->","yoast_head_json":{"title":"El\u00e9rhet\u0151s\u00e9g - FireSym.Kft","robots":{"index":"index","follow":"follow","max-snippet":"max-snippet:-1","max-image-preview":"max-image-preview:large","max-video-preview":"max-video-preview:-1"},"canonical":"https:\/\/firesym.com\/index.php\/elerhetoseg\/","og_locale":"hu_HU","og_type":"article","og_title":"El\u00e9rhet\u0151s\u00e9g - FireSym.Kft","og_description":"Firesymkh@gmail.com","og_url":"https:\/\/firesym.com\/index.php\/elerhetoseg\/","og_site_name":"FireSym.Kft","article_modified_time":"2025-12-22T10:11:46+00:00","twitter_card":"summary_large_image","schema":{"@context":"https:\/\/schema.org","@graph":[{"@type":"WebPage","@id":"https:\/\/firesym.com\/index.php\/elerhetoseg\/","url":"https:\/\/firesym.com\/index.php\/elerhetoseg\/","name":"El\u00e9rhet\u0151s\u00e9g - FireSym.Kft","isPartOf":{"@id":"https:\/\/firesym.com\/#website"},"datePublished":"2025-12-12T10:32:26+00:00","dateModified":"2025-12-22T10:11:46+00:00","breadcrumb":{"@id":"https:\/\/firesym.com\/index.php\/elerhetoseg\/#breadcrumb"},"inLanguage":"hu","potentialAction":[{"@type":"ReadAction","target":["https:\/\/firesym.com\/index.php\/elerhetoseg\/"]}]},{"@type":"BreadcrumbList","@id":"https:\/\/firesym.com\/index.php\/elerhetoseg\/#breadcrumb","itemListElement":[{"@type":"ListItem","position":1,"name":"Kezd\u0151lap","item":"https:\/\/firesym.com\/"},{"@type":"ListItem","position":2,"name":"El\u00e9rhet\u0151s\u00e9g"}]},{"@type":"WebSite","@id":"https:\/\/firesym.com\/#website","url":"https:\/\/firesym.com\/","name":"FireSym.Kft","description":"","publisher":{"@id":"https:\/\/firesym.com\/#organization"},"potentialAction":[{"@type":"SearchAction","target":{"@type":"EntryPoint","urlTemplate":"https:\/\/firesym.com\/?s={search_term_string}"},"query-input":{"@type":"PropertyValueSpecification","valueRequired":true,"valueName":"search_term_string"}}],"inLanguage":"hu"},{"@type":"Organization","@id":"https:\/\/firesym.com\/#organization","name":"FireSym.Kft","url":"https:\/\/firesym.com\/","logo":{"@type":"ImageObject","inLanguage":"hu","@id":"https:\/\/firesym.com\/#\/schema\/logo\/image\/","url":"https:\/\/firesym.com\/wp-content\/uploads\/2025\/12\/Messenger_creation_09E75076-1E26-4BF8-9E3C-EED353629CD2-1.jpeg","contentUrl":"https:\/\/firesym.com\/wp-content\/uploads\/2025\/12\/Messenger_creation_09E75076-1E26-4BF8-9E3C-EED353629CD2-1.jpeg","width":403,"height":325,"caption":"FireSym.Kft"},"image":{"@id":"https:\/\/firesym.com\/#\/schema\/logo\/image\/"}}]}},"_links":{"self":[{"href":"https:\/\/firesym.com\/index.php\/wp-json\/wp\/v2\/pages\/37","targetHints":{"allow":["GET"]}}],"collection":[{"href":"https:\/\/firesym.com\/index.php\/wp-json\/wp\/v2\/pages"}],"about":[{"href":"https:\/\/firesym.com\/index.php\/wp-json\/wp\/v2\/types\/page"}],"author":[{"embeddable":true,"href":"https:\/\/firesym.com\/index.php\/wp-json\/wp\/v2\/users\/1"}],"replies":[{"embeddable":true,"href":"https:\/\/firesym.com\/index.php\/wp-json\/wp\/v2\/comments?post=37"}],"version-history":[{"count":2,"href":"https:\/\/firesym.com\/index.php\/wp-json\/wp\/v2\/pages\/37\/revisions"}],"predecessor-version":[{"id":81,"href":"https:\/\/firesym.com\/index.php\/wp-json\/wp\/v2\/pages\/37\/revisions\/81"}],"wp:attachment":[{"href":"https:\/\/firesym.com\/index.php\/wp-json\/wp\/v2\/media?parent=37"}],"curies":[{"name":"wp","href":"https:\/\/api.w.org\/{rel}","templated":true}]}}